{"id":2065,"date":"2026-03-03T22:21:04","date_gmt":"2026-03-03T21:21:04","guid":{"rendered":"https:\/\/fermedebezidel.com\/?post_type=product&#038;p=2065"},"modified":"2026-04-17T12:39:12","modified_gmt":"2026-04-17T10:39:12","slug":"tartinade-de-courgettes","status":"publish","type":"product","link":"https:\/\/fermedebezidel.com\/index.php\/produit\/tartinade-de-courgettes\/","title":{"rendered":"Tartinade de courgettes"},"content":{"rendered":"","protected":false},"excerpt":{"rendered":"<p><strong>La tartinade des Cuisiniers Solidaires<\/strong><\/p>\n<p><strong>Ingr\u00e9dients<\/strong> : Courgettes (<strong>de la ferme de Bezidel)<\/strong>, huile d\u2019olive, amandes, huile de tournesol,sel, curry, gingembre<\/p>\n<p>Gr\u00e2ce au partenariat entre les Cuisiniers solidaires et avec la conserverie Pikou Panez, ils vous proposent leurs toutes premi\u00e8res tartinades de courgettes en conserve !<br \/>\nChaque pot achet\u00e9 contribue directement au financement des projets de l\u2019association des \u00ab\u00a0<strong>Cuisiniers Solidaires<\/strong>\u00ab\u00a0.<\/p>\n<p>C\u2019est une exp\u00e9rimentation : les Cuisiniers Solidaires cherchent \u00e0 donner une nouvelle vie aux invendus, en r\u00e9pondant au mieux aux besoins de la population<\/p>\n","protected":false},"featured_media":2067,"template":"","meta":[],"product_brand":[],"product_cat":[21,27],"product_tag":[],"class_list":{"0":"post-2065","1":"product","2":"type-product","3":"status-publish","4":"has-post-thumbnail","6":"product_cat-ferme-de-bezidel","7":"product_cat-visite-guidee","9":"first","10":"instock","11":"taxable","12":"shipping-taxable","13":"purchasable","14":"product-type-simple"},"_links":{"self":[{"href":"https:\/\/fermedebezidel.com\/index.php\/wp-json\/wp\/v2\/product\/2065","targetHints":{"allow":["GET"]}}],"collection":[{"href":"https:\/\/fermedebezidel.com\/index.php\/wp-json\/wp\/v2\/product"}],"about":[{"href":"https:\/\/fermedebezidel.com\/index.php\/wp-json\/wp\/v2\/types\/product"}],"wp:featuredmedia":[{"embeddable":true,"href":"https:\/\/fermedebezidel.com\/index.php\/wp-json\/wp\/v2\/media\/2067"}],"wp:attachment":[{"href":"https:\/\/fermedebezidel.com\/index.php\/wp-json\/wp\/v2\/media?parent=2065"}],"wp:term":[{"taxonomy":"product_brand","embeddable":true,"href":"https:\/\/fermedebezidel.com\/index.php\/wp-json\/wp\/v2\/product_brand?post=2065"},{"taxonomy":"product_cat","embeddable":true,"href":"https:\/\/fermedebezidel.com\/index.php\/wp-json\/wp\/v2\/product_cat?post=2065"},{"taxonomy":"product_tag","embeddable":true,"href":"https:\/\/fermedebezidel.com\/index.php\/wp-json\/wp\/v2\/product_tag?post=2065"}],"curies":[{"name":"wp","href":"https:\/\/api.w.org\/{rel}","templated":true}]}}