{"id":370,"date":"2023-07-23T20:28:44","date_gmt":"2023-07-23T18:28:44","guid":{"rendered":"https:\/\/fermedebezidel.com\/?page_id=370"},"modified":"2026-02-24T13:20:56","modified_gmt":"2026-02-24T12:20:56","slug":"nos-jours-de-vente","status":"publish","type":"page","link":"https:\/\/fermedebezidel.com\/index.php\/nos-jours-de-vente\/","title":{"rendered":"Nos jours de vente"},"content":{"rendered":"\n<h3 class=\"wp-block-heading has-text-align-center\" style=\"margin-top:0;margin-right:0;margin-bottom:0;margin-left:0;padding-top:0;padding-right:0;padding-bottom:0;padding-left:0;text-transform:uppercase\">Nos jours de vente<\/h3>\n\n\n\n<div class=\"wp-block-group alignwide is-layout-constrained wp-block-group-is-layout-constrained\">\n<div class=\"wp-block-media-text alignwide is-stacked-on-mobile is-vertically-aligned-center\" style=\"margin-top:var(--wp--preset--spacing--50);margin-right:var(--wp--preset--spacing--50);margin-bottom:var(--wp--preset--spacing--50);margin-left:var(--wp--preset--spacing--50)\"><figure class=\"wp-block-media-text__media\"><a href=\"https:\/\/fermedebezidel.com\/index.php\/les-paniers-de-bezidel\/\"><img loading=\"lazy\" decoding=\"async\" width=\"1030\" height=\"773\" src=\"https:\/\/fermedebezidel.com\/wp-content\/uploads\/2024\/09\/PXL_20240913_094056421-1030x773.jpg\" alt=\"\" class=\"wp-image-1427 size-full\" srcset=\"https:\/\/fermedebezidel.com\/wp-content\/uploads\/2024\/09\/PXL_20240913_094056421-1030x773.jpg 1030w, https:\/\/fermedebezidel.com\/wp-content\/uploads\/2024\/09\/PXL_20240913_094056421-300x225.jpg 300w, https:\/\/fermedebezidel.com\/wp-content\/uploads\/2024\/09\/PXL_20240913_094056421-768x576.jpg 768w, https:\/\/fermedebezidel.com\/wp-content\/uploads\/2024\/09\/PXL_20240913_094056421-1536x1152.jpg 1536w, https:\/\/fermedebezidel.com\/wp-content\/uploads\/2024\/09\/PXL_20240913_094056421-2048x1536.jpg 2048w, https:\/\/fermedebezidel.com\/wp-content\/uploads\/2024\/09\/PXL_20240913_094056421-1500x1125.jpg 1500w, https:\/\/fermedebezidel.com\/wp-content\/uploads\/2024\/09\/PXL_20240913_094056421-705x529.jpg 705w, https:\/\/fermedebezidel.com\/wp-content\/uploads\/2024\/09\/PXL_20240913_094056421-450x338.jpg 450w, https:\/\/fermedebezidel.com\/wp-content\/uploads\/2024\/09\/PXL_20240913_094056421-600x450.jpg 600w\" sizes=\"auto, (max-width: 1030px) 100vw, 1030px\" \/><\/a><\/figure><div class=\"wp-block-media-text__content\">\n<p class=\"has-text-align-center has-large-font-size\" style=\"line-height:0.7\"><strong>MERCREDI<\/strong><\/p>\n\n\n\n<p class=\"has-text-align-center has-large-font-size\" style=\"line-height:0.7\">\u00ab\u00a0Les paniers de Bezidel\u00a0\u00bb<\/p>\n\n\n\n<p>Paniers hebdomadaires avec engagement \u00e0 l&rsquo;ann\u00e9e. A r\u00e9cup\u00e9rer directement \u00e0 la ferme le mercredi entre 16h30 et 19h<\/p>\n<\/div><\/div>\n\n\n\n<hr class=\"wp-block-separator has-alpha-channel-opacity\"\/>\n\n\n\n<div class=\"wp-block-media-text alignwide has-media-on-the-right is-stacked-on-mobile is-vertically-aligned-center\" style=\"margin-top:var(--wp--preset--spacing--50);margin-right:var(--wp--preset--spacing--50);margin-bottom:var(--wp--preset--spacing--50);margin-left:var(--wp--preset--spacing--50)\"><div class=\"wp-block-media-text__content\">\n<p class=\"has-text-align-center has-large-font-size\" style=\"line-height:0.7\"><strong>JEUDI<\/strong><\/p>\n\n\n\n<p class=\"has-text-align-center has-large-font-size\">\u00ab\u00a0Le march\u00e9 d&rsquo;\u00e9t\u00e9 \u00e0 la ferme\u00a0\u00bb<\/p>\n\n\n\n<p>Venez d\u00e9couvrir, tous les jeudis l&rsquo;\u00e9t\u00e9 (de fin juin \u00e0 mi-septembre), nos l\u00e9gumes frais et fruits de saison, les \u0153ufs de Rozenn A\u00ebr et bien d\u2019autres produits \u00e0 venir. Vous choisissez vos produits comme vous le feriez sur un march\u00e9 !<\/p>\n\n\n\n<p>Ouverture de 16h jusqu&rsquo;\u00e0 19h !<\/p>\n<\/div><figure class=\"wp-block-media-text__media\"><a href=\"https:\/\/fermedebezidel.com\/index.php\/le-micromarche-de-bezidel\/\"><img loading=\"lazy\" decoding=\"async\" width=\"1030\" height=\"773\" src=\"https:\/\/fermedebezidel.com\/wp-content\/uploads\/2023\/07\/PXL_20230713_140537424-1030x773.jpg\" alt=\"\" class=\"wp-image-321 size-full\" srcset=\"https:\/\/fermedebezidel.com\/wp-content\/uploads\/2023\/07\/PXL_20230713_140537424-1030x773.jpg 1030w, https:\/\/fermedebezidel.com\/wp-content\/uploads\/2023\/07\/PXL_20230713_140537424-300x225.jpg 300w, https:\/\/fermedebezidel.com\/wp-content\/uploads\/2023\/07\/PXL_20230713_140537424-768x576.jpg 768w, https:\/\/fermedebezidel.com\/wp-content\/uploads\/2023\/07\/PXL_20230713_140537424-1536x1152.jpg 1536w, https:\/\/fermedebezidel.com\/wp-content\/uploads\/2023\/07\/PXL_20230713_140537424-2048x1536.jpg 2048w, https:\/\/fermedebezidel.com\/wp-content\/uploads\/2023\/07\/PXL_20230713_140537424-1500x1125.jpg 1500w, https:\/\/fermedebezidel.com\/wp-content\/uploads\/2023\/07\/PXL_20230713_140537424-705x529.jpg 705w\" sizes=\"auto, (max-width: 1030px) 100vw, 1030px\" \/><\/a><\/figure><\/div>\n\n\n\n<hr class=\"wp-block-separator has-alpha-channel-opacity\" style=\"margin-top:var(--wp--preset--spacing--50);margin-bottom:var(--wp--preset--spacing--50)\"\/>\n\n\n\n<div class=\"wp-block-media-text alignwide is-stacked-on-mobile is-vertically-aligned-center\"><figure class=\"wp-block-media-text__media\"><a href=\"https:\/\/fermedebezidel.com\/index.php\/drive-fermier\/\"><img loading=\"lazy\" decoding=\"async\" width=\"910\" height=\"642\" src=\"https:\/\/fermedebezidel.com\/wp-content\/uploads\/2026\/02\/photo-couve-facebook-Copie-Copie.png\" alt=\"\" class=\"wp-image-2025 size-full\" srcset=\"https:\/\/fermedebezidel.com\/wp-content\/uploads\/2026\/02\/photo-couve-facebook-Copie-Copie.png 910w, https:\/\/fermedebezidel.com\/wp-content\/uploads\/2026\/02\/photo-couve-facebook-Copie-Copie-300x212.png 300w, https:\/\/fermedebezidel.com\/wp-content\/uploads\/2026\/02\/photo-couve-facebook-Copie-Copie-768x542.png 768w, https:\/\/fermedebezidel.com\/wp-content\/uploads\/2026\/02\/photo-couve-facebook-Copie-Copie-705x497.png 705w, https:\/\/fermedebezidel.com\/wp-content\/uploads\/2026\/02\/photo-couve-facebook-Copie-Copie-450x317.png 450w, https:\/\/fermedebezidel.com\/wp-content\/uploads\/2026\/02\/photo-couve-facebook-Copie-Copie-600x423.png 600w\" sizes=\"auto, (max-width: 910px) 100vw, 910px\" \/><\/a><\/figure><div class=\"wp-block-media-text__content\">\n<p class=\"has-text-align-center has-large-font-size\" style=\"line-height:0.7\"><strong>VENDREDI<\/strong><\/p>\n\n\n\n<p class=\"has-text-align-center has-large-font-size\">\u00ab\u00a0Le drive fermier\u00a0\u00bb<\/p>\n\n\n\n<p class=\"has-text-align-left\">Composez et commandez votre panier sur notre boutique en ligne du lundi soir au jeudi soir parmi une large gamme de produits : <strong>l\u00e9gumes<\/strong>, fruits, \u0153ufs, etc..<\/p>\n\n\n\n<p><strong>Commande \u00e0 r\u00e9cup\u00e9rer<\/strong>, directement \u00e0 la ferme sous le hangar, le <strong>vendredi entre midi et 19h<\/strong><\/p>\n<\/div><\/div>\n<\/div>\n","protected":false},"excerpt":{"rendered":"<p>Nos jours de vente MERCREDI \u00ab\u00a0Les paniers de Bezidel\u00a0\u00bb Paniers hebdomadaires avec engagement \u00e0 l&rsquo;ann\u00e9e. A r\u00e9cup\u00e9rer directement \u00e0 la ferme le mercredi entre 16h30 et 19h JEUDI \u00ab\u00a0Le march\u00e9 d&rsquo;\u00e9t\u00e9 \u00e0 la ferme\u00a0\u00bb Venez d\u00e9couvrir, tous les jeudis l&rsquo;\u00e9t\u00e9 (de fin juin \u00e0 mi-septembre), nos l\u00e9gumes frais et fruits de saison, les \u0153ufs de [&hellip;]<\/p>\n","protected":false},"author":1,"featured_media":0,"parent":0,"menu_order":0,"comment_status":"closed","ping_status":"closed","template":"","meta":{"footnotes":""},"class_list":["post-370","page","type-page","status-publish","hentry"],"_links":{"self":[{"href":"https:\/\/fermedebezidel.com\/index.php\/wp-json\/wp\/v2\/pages\/370","targetHints":{"allow":["GET"]}}],"collection":[{"href":"https:\/\/fermedebezidel.com\/index.php\/wp-json\/wp\/v2\/pages"}],"about":[{"href":"https:\/\/fermedebezidel.com\/index.php\/wp-json\/wp\/v2\/types\/page"}],"author":[{"embeddable":true,"href":"https:\/\/fermedebezidel.com\/index.php\/wp-json\/wp\/v2\/users\/1"}],"replies":[{"embeddable":true,"href":"https:\/\/fermedebezidel.com\/index.php\/wp-json\/wp\/v2\/comments?post=370"}],"version-history":[{"count":68,"href":"https:\/\/fermedebezidel.com\/index.php\/wp-json\/wp\/v2\/pages\/370\/revisions"}],"predecessor-version":[{"id":2026,"href":"https:\/\/fermedebezidel.com\/index.php\/wp-json\/wp\/v2\/pages\/370\/revisions\/2026"}],"wp:attachment":[{"href":"https:\/\/fermedebezidel.com\/index.php\/wp-json\/wp\/v2\/media?parent=370"}],"curies":[{"name":"wp","href":"https:\/\/api.w.org\/{rel}","templated":true}]}}